{"id":2,"date":"2012-05-18T14:10:19","date_gmt":"2012-05-18T14:10:19","guid":{"rendered":"http:\/\/premionalcritica.uniandes.edu.co\/?page_id=2"},"modified":"2016-09-01T19:27:21","modified_gmt":"2016-09-01T19:27:21","slug":"sample-page","status":"publish","type":"page","link":"https:\/\/premionalcritica.uniandes.edu.co\/","title":{"rendered":"Acerca"},"content":{"rendered":"<p>El objetivo de esta iniciativa es fomentar la cr\u00edtica de arte a partir de la escritura como acto p\u00fablico. El reconocimiento funciona a trav\u00e9s de dos plataformas; una publicaci\u00f3n que edita una selecci\u00f3n de textos hecha por un grupo de jurados y un portal digital que archiva todo el acontecer del evento a\u00f1o tras a\u00f1o.<\/p>\n<p>Desde el a\u00f1o 2010, el Premio Nacional de Cr\u00edtica cuenta con dos categor\u00edas de participaci\u00f3n: texto largo y texto breve. Una es para textos que tienen m\u00e1s de 10.000 caracteres con espacios de extensi\u00f3n y la otra para aquellos cuya extensi\u00f3n es inferior a esa cifra. Esta es una una invitaci\u00f3n a todos aquellos que tienen cr\u00edticas de arte para que se aventuren a escribirlas en un formato extenso o en uno corto. Se esperan textos agudos, bien puntuados, afinadas cajitas de m\u00fasica que adem\u00e1s de responder con vigor y precisi\u00f3n ante una obra, una historia o una situaci\u00f3n, tomen partido por un tono narrativo e ironicen la correcci\u00f3n pol\u00edtica; textos que, antes de seguir un manual de estilo, se lancen al abismo de encontrar una voz propia.<\/p>\n","protected":false},"excerpt":{"rendered":"El objetivo de esta iniciativa es fomentar la cr\u00edtica de arte a partir de la escritura como acto p\u00fablico. El reconocimiento funciona a trav\u00e9s de dos plataformas; una publicaci\u00f3n que edita una selecci\u00f3n de textos hecha por un grupo de [&hellip;]","protected":false},"author":1,"featured_media":0,"parent":0,"menu_order":0,"comment_status":"open","ping_status":"closed","template":"","meta":{"_acf_changed":false,"footnotes":""},"class_list":["post-2","page","type-page","status-publish","hentry"],"acf":[],"_links":{"self":[{"href":"https:\/\/premionalcritica.uniandes.edu.co\/index.php?rest_route=\/wp\/v2\/pages\/2","targetHints":{"allow":["GET"]}}],"collection":[{"href":"https:\/\/premionalcritica.uniandes.edu.co\/index.php?rest_route=\/wp\/v2\/pages"}],"about":[{"href":"https:\/\/premionalcritica.uniandes.edu.co\/index.php?rest_route=\/wp\/v2\/types\/page"}],"author":[{"embeddable":true,"href":"https:\/\/premionalcritica.uniandes.edu.co\/index.php?rest_route=\/wp\/v2\/users\/1"}],"replies":[{"embeddable":true,"href":"https:\/\/premionalcritica.uniandes.edu.co\/index.php?rest_route=%2Fwp%2Fv2%2Fcomments&post=2"}],"version-history":[{"count":13,"href":"https:\/\/premionalcritica.uniandes.edu.co\/index.php?rest_route=\/wp\/v2\/pages\/2\/revisions"}],"predecessor-version":[{"id":2181,"href":"https:\/\/premionalcritica.uniandes.edu.co\/index.php?rest_route=\/wp\/v2\/pages\/2\/revisions\/2181"}],"wp:attachment":[{"href":"https:\/\/premionalcritica.uniandes.edu.co\/index.php?rest_route=%2Fwp%2Fv2%2Fmedia&parent=2"}],"curies":[{"name":"wp","href":"https:\/\/api.w.org\/{rel}","templated":true}]}}

<p>El objetivo de esta iniciativa es fomentar la crítica de arte a partir de la escritura como acto público. El reconocimiento funciona a través de dos plataformas; una publicación que edita una selección de textos hecha por un grupo de jurados y un portal digital que archiva todo el acontecer del evento año tras año.</p>
<p>Desde el año 2010, el Premio Nacional de Crítica cuenta con dos categorías de participación: texto largo y texto breve. Una es para textos que tienen más de 10.000 caracteres con espacios de extensión y la otra para aquellos cuya extensión es inferior a esa cifra. Esta es una una invitación a todos aquellos que tienen críticas de arte para que se aventuren a escribirlas en un formato extenso o en uno corto. Se esperan textos agudos, bien puntuados, afinadas cajitas de música que además de responder con vigor y precisión ante una obra, una historia o una situación, tomen partido por un tono narrativo e ironicen la corrección política; textos que, antes de seguir un manual de estilo, se lancen al abismo de encontrar una voz propia.</p>

El objetivo de esta iniciativa es fomentar la crítica de arte a partir de la escritura como acto público. El reconocimiento funciona a través de dos plataformas; una publicación que edita una selección de textos hecha por un grupo de [&hellip;]
